{"id":2325,"date":"2026-07-22T16:16:15","date_gmt":"2026-07-22T16:16:15","guid":{"rendered":"https:\/\/saporinobili.ch\/prodotto\/schwarze-oliven-314-ml\/"},"modified":"2026-08-19T07:43:05","modified_gmt":"2026-08-19T07:43:05","slug":"schwarze-oliven-314-ml","status":"publish","type":"product","link":"https:\/\/saporinobili.ch\/de\/prodotto\/schwarze-oliven-314-ml\/","title":{"rendered":"Schwarze Oliven (314 ml)"},"content":{"rendered":"<p>Die getrockneten schwarzen Oliven werden aus hochwertigen Oliven hergestellt, die in Salzlake eingelegt wurden, wodurch sie einen intensiven, mediterranen Geschmack erhalten.  <em>Hinweis: Die beim Hersteller erh\u00e4ltliche Verpackungsgr\u00f6\u00dfe ist eine 500-g-T\u00fcte (nicht ein 314-ml-Glas, wie in der urspr\u00fcnglichen Preisliste angegeben) \u2013 bitte kl\u00e4ren Sie dies vor der endg\u00fcltigen Ver\u00f6ffentlichung mit dem Kunden ab.<\/em><\/p>\n<p><strong>Verpackungsgr\u00f6\u00dfe:<\/strong> Beutel \u00e0 500 g \u2013 Haltbarkeit 6 Monate, gek\u00fchlter Transport<\/p>\n<p><strong>Zutaten:<\/strong> Getrocknete schwarze Oliven 97 %, natives Oliven\u00f6l extra, Salz.<\/p>\n<p><strong>Allergene:<\/strong> Keine Allergene.<\/p>\n<p><strong>Durchschnittliche N\u00e4hrwerte pro 100 g:<\/strong><\/p>\n<ul>\n<li>Energiewert: 1003 kJ \/ 239,6 kcal<\/li>\n<li>Fett: 25,1 g<\/li>\n<li>Kohlenhydrate: 0,8 g (davon Zucker 0,8 g)<\/li>\n<li>Ballaststoffe: 3,9 g<\/li>\n<li>Eiwei\u00df: 1,6 g<\/li>\n<li>Salz: 1,1 g<\/li>\n<\/ul>\n","protected":false},"excerpt":{"rendered":"<p>Hochwertige schwarze Oliven, in Salzlake eingelegt f\u00fcr einen intensiven, mediterranen Geschmack: ideal f\u00fcr Vorspeisen und Aufschnittplatten.<\/p>\n","protected":false},"featured_media":3003,"comment_status":"open","ping_status":"closed","template":"","meta":{"_et_pb_use_builder":"","_et_pb_old_content":"","_et_gb_content_width":""},"product_brand":[],"product_cat":[119],"product_tag":[],"class_list":["post-2325","product","type-product","status-publish","has-post-thumbnail","product_cat-vorspeisen","first","instock","taxable","shipping-taxable","purchasable","product-type-simple"],"_links":{"self":[{"href":"https:\/\/saporinobili.ch\/de\/wp-json\/wp\/v2\/product\/2325","targetHints":{"allow":["GET"]}}],"collection":[{"href":"https:\/\/saporinobili.ch\/de\/wp-json\/wp\/v2\/product"}],"about":[{"href":"https:\/\/saporinobili.ch\/de\/wp-json\/wp\/v2\/types\/product"}],"replies":[{"embeddable":true,"href":"https:\/\/saporinobili.ch\/de\/wp-json\/wp\/v2\/comments?post=2325"}],"wp:featuredmedia":[{"embeddable":true,"href":"https:\/\/saporinobili.ch\/de\/wp-json\/wp\/v2\/media\/3003"}],"wp:attachment":[{"href":"https:\/\/saporinobili.ch\/de\/wp-json\/wp\/v2\/media?parent=2325"}],"wp:term":[{"taxonomy":"product_brand","embeddable":true,"href":"https:\/\/saporinobili.ch\/de\/wp-json\/wp\/v2\/product_brand?post=2325"},{"taxonomy":"product_cat","embeddable":true,"href":"https:\/\/saporinobili.ch\/de\/wp-json\/wp\/v2\/product_cat?post=2325"},{"taxonomy":"product_tag","embeddable":true,"href":"https:\/\/saporinobili.ch\/de\/wp-json\/wp\/v2\/product_tag?post=2325"}],"curies":[{"name":"wp","href":"https:\/\/api.w.org\/{rel}","templated":true}]}}

<p>Die getrockneten schwarzen Oliven werden aus hochwertigen Oliven hergestellt, die in Salzlake eingelegt wurden, wodurch sie einen intensiven, mediterranen Geschmack erhalten.  <em>Hinweis: Die beim Hersteller erhältliche Verpackungsgröße ist eine 500-g-Tüte (nicht ein 314-ml-Glas, wie in der ursprünglichen Preisliste angegeben) – bitte klären Sie dies vor der endgültigen Veröffentlichung mit dem Kunden ab.</em></p>
<p><strong>Verpackungsgröße:</strong> Beutel à 500 g – Haltbarkeit 6 Monate, gekühlter Transport</p>
<p><strong>Zutaten:</strong> Getrocknete schwarze Oliven 97 %, natives Olivenöl extra, Salz.</p>
<p><strong>Allergene:</strong> Keine Allergene.</p>
<p><strong>Durchschnittliche Nährwerte pro 100 g:</strong></p>
<ul>
<li>Energiewert: 1003 kJ / 239,6 kcal</li>
<li>Fett: 25,1 g</li>
<li>Kohlenhydrate: 0,8 g (davon Zucker 0,8 g)</li>
<li>Ballaststoffe: 3,9 g</li>
<li>Eiweiß: 1,6 g</li>
<li>Salz: 1,1 g</li>
</ul>

<p>Hochwertige schwarze Oliven, in Salzlake eingelegt für einen intensiven, mediterranen Geschmack: ideal für Vorspeisen und Aufschnittplatten.</p>
