{"id":2337,"date":"2026-07-22T16:16:15","date_gmt":"2026-07-22T16:16:15","guid":{"rendered":"https:\/\/saporinobili.ch\/prodotto\/artischockenpastete-212-ml\/"},"modified":"2026-08-19T07:43:04","modified_gmt":"2026-08-19T07:43:04","slug":"artischockenpastete-212-ml","status":"publish","type":"product","link":"https:\/\/saporinobili.ch\/de\/prodotto\/artischockenpastete-212-ml\/","title":{"rendered":"Artischockenpastete (212 ml)"},"content":{"rendered":"<p>Das Artischocken-P\u00e2t\u00e9 ist eine fein gehackte, schmackhafte Paste, die sich ideal als Aufstrich auf Bruschetta oder zur Verfeinerung von Vorspeisen eignet und den authentischen Geschmack kalabrischer Artischocken bietet.<\/p>\n<p><strong>Inhalt:<\/strong> 212 ml (Nettogewicht 190 g), Glasbeh\u00e4lter \u2013 Haltbarkeit 24 Monate. Nach dem \u00d6ffnen bitte mit \u00d6l bedeckt im K\u00fchlschrank aufbewahren und innerhalb von 3\u20134 Tagen verbrauchen. <\/p>\n<p><strong>Zutaten:<\/strong> Artischocken 80 %, Sonnenblumen\u00f6l 15 %, natives Oliven\u00f6l extra 5 %, saurer Weinessig, schwarzer Pfeffer, wei\u00dfer Pfeffer, Oregano, Knoblauch, Salz, Zitronens\u00e4urereste.<\/p>\n<p><strong>Allergene:<\/strong> Enth\u00e4lt Sulfite.<\/p>\n<p><strong>Durchschnittliche N\u00e4hrwerte pro 100 g:<\/strong><\/p>\n<ul>\n<li>Energiewert: 691 kJ \/ 165 kcal<\/li>\n<li>Fett: 10,6 g (davon ges\u00e4ttigte Fetts\u00e4uren 1,4 g)<\/li>\n<li>Kohlenhydrate: 8,4 g (davon Zucker 6,4 g)<\/li>\n<li>Ballaststoffe: 7,1 g<\/li>\n<li>Eiwei\u00df: 9,0 g<\/li>\n<li>Salz: 1,0 g<\/li>\n<\/ul>\n","protected":false},"excerpt":{"rendered":"<p>Eine feine und schmackhafte Paste mit dem authentischen Geschmack kalabrischer Artischocken, ideal als Aufstrich auf Bruschetta oder zur Verfeinerung Ihrer Vorspeisen.<\/p>\n","protected":false},"featured_media":3006,"comment_status":"open","ping_status":"closed","template":"","meta":{"_et_pb_use_builder":"","_et_pb_old_content":"","_et_gb_content_width":""},"product_brand":[],"product_cat":[119],"product_tag":[],"class_list":["post-2337","product","type-product","status-publish","has-post-thumbnail","product_cat-vorspeisen","first","instock","taxable","shipping-taxable","purchasable","product-type-simple"],"_links":{"self":[{"href":"https:\/\/saporinobili.ch\/de\/wp-json\/wp\/v2\/product\/2337","targetHints":{"allow":["GET"]}}],"collection":[{"href":"https:\/\/saporinobili.ch\/de\/wp-json\/wp\/v2\/product"}],"about":[{"href":"https:\/\/saporinobili.ch\/de\/wp-json\/wp\/v2\/types\/product"}],"replies":[{"embeddable":true,"href":"https:\/\/saporinobili.ch\/de\/wp-json\/wp\/v2\/comments?post=2337"}],"wp:featuredmedia":[{"embeddable":true,"href":"https:\/\/saporinobili.ch\/de\/wp-json\/wp\/v2\/media\/3006"}],"wp:attachment":[{"href":"https:\/\/saporinobili.ch\/de\/wp-json\/wp\/v2\/media?parent=2337"}],"wp:term":[{"taxonomy":"product_brand","embeddable":true,"href":"https:\/\/saporinobili.ch\/de\/wp-json\/wp\/v2\/product_brand?post=2337"},{"taxonomy":"product_cat","embeddable":true,"href":"https:\/\/saporinobili.ch\/de\/wp-json\/wp\/v2\/product_cat?post=2337"},{"taxonomy":"product_tag","embeddable":true,"href":"https:\/\/saporinobili.ch\/de\/wp-json\/wp\/v2\/product_tag?post=2337"}],"curies":[{"name":"wp","href":"https:\/\/api.w.org\/{rel}","templated":true}]}}

<p>Das Artischocken-Pâté ist eine fein gehackte, schmackhafte Paste, die sich ideal als Aufstrich auf Bruschetta oder zur Verfeinerung von Vorspeisen eignet und den authentischen Geschmack kalabrischer Artischocken bietet.</p>
<p><strong>Inhalt:</strong> 212 ml (Nettogewicht 190 g), Glasbehälter – Haltbarkeit 24 Monate. Nach dem Öffnen bitte mit Öl bedeckt im Kühlschrank aufbewahren und innerhalb von 3–4 Tagen verbrauchen. </p>
<p><strong>Zutaten:</strong> Artischocken 80 %, Sonnenblumenöl 15 %, natives Olivenöl extra 5 %, saurer Weinessig, schwarzer Pfeffer, weißer Pfeffer, Oregano, Knoblauch, Salz, Zitronensäurereste.</p>
<p><strong>Allergene:</strong> Enthält Sulfite.</p>
<p><strong>Durchschnittliche Nährwerte pro 100 g:</strong></p>
<ul>
<li>Energiewert: 691 kJ / 165 kcal</li>
<li>Fett: 10,6 g (davon gesättigte Fettsäuren 1,4 g)</li>
<li>Kohlenhydrate: 8,4 g (davon Zucker 6,4 g)</li>
<li>Ballaststoffe: 7,1 g</li>
<li>Eiweiß: 9,0 g</li>
<li>Salz: 1,0 g</li>
</ul>
